 common factor of t and 47.
47
Let w(v) = 2*v + 3. Let f(u) = u + 3. Let d be f(-5). Let m be w(d). Let b = m - -7. What is the highest common divisor of 15 and b?
3
Let u(i) = 7*i + 23. Let d be u(-5). Let c be 1/(1 + 29/(-28)). Let l = d - c. Calculate the highest common factor of 24 and l.
8
Let a(y) = -5*y. Let w be a(-1). Suppose v + 0*t - 3*t = 0, -4*v + 24 = -4*t. Let c = v - w. What is the highest common divisor of c and 4?
4
Suppose -2*t + 264 = 2*t. Calculate the highest common divisor of 110 and t.
22
Suppose 5*t + 60 = -0*t. Let p be (-4)/t + 16/(-3). Let m = 6 + p. Calculate the greatest common factor of 5 and m.
1
Let w = -239 - -255. What is the highest common divisor of 128 and w?
16
Suppose -3*f + 40 + 168 = 2*n, -2*f + n + 127 = 0. Let h = -1874 - -1880. What is the greatest common divisor of h and f?
6
Let i = 765 + -757. Calculate the highest common divisor of i and 1024.
8
Let n = 241 + -236. What is the highest common divisor of n and 85?
5
Suppose -5*f + 2 = 47. Let n(x) = 3*x**2 + 20*x + 15. Let b be n(f). What is the greatest common divisor of b and 52?
26
Let y(a) = a**3 + 8*a**2 + a - 10. Let l be y(-7). Suppose d - l = 60. Let r = -32 + 55. What is the greatest common factor of d and r?
23
Suppose -4*u + 12 = 2*o, 3*u - 48 = -5*o + 2*u. Suppose 5*m - 2*h = -0*m + 442, m - 106 = -4*h. Calculate the highest common divisor of m and o.
10
Suppose -2*k - 46 = -o, 2*o - 74 = 18*k - 23*k. Calculate the greatest common factor of 588 and o.
42
Let t(y) = y**3 - 4*y**2 + 2*y. Let g be t(4). Let c be 25/(-10)*(207/(-45) - 5). Calculate the greatest common divisor of g and c.
8
Let i be (-6)/(-8) - (6195/(-20))/7. Let y = i - 12. Calculate the highest common factor of 363 and y.
33
Let r = -96 - -146. Calculate the highest common factor of 1850 and r.
50
Suppose 6*s - 5*s - 174 = -4*x, 142 = 3*x - 5*s. What is the highest common factor of 12 and x?
4
Let b = 734 - 552. What is the highest common divisor of 455 and b?
91
Let i(a) = 8*a + 20. Let v = -14 + 19. Let n be i(v). Calculate the greatest common factor of n and 15.
15
Suppose 0 = -0*w + 5*w - 2245. Let h be 5 + -8 + (-1 - w). Let i be h/(-15) - (-6)/(-30). Calculate the greatest common factor of i and 5.
5
Let i be (-24)/(-42)*28/8. Let k be (i - -18) + 4/2. Calculate the greatest common factor of k and 22.
22
Let f be ((-8844)/(-9))/((-56)/(-84)). Calculate the greatest common divisor of 44 and f.
22
Let y be (210/49 + -5)/(1/(-7)). Let a = 88 + -63. What is the greatest common factor of a and y?
5
Suppose 64*d = 72*d - 24. What is the highest common factor of d and 21?
3
Let f(j) be the first derivative of j**4/4 - 2*j**3 + 2*j**2 - 8*j + 1. Suppose 3*t = 6*t - 18. Let s be f(t). What is the highest common divisor of s and 64?
16
Suppose -2*r - 18 = -2*b, -2 - 9 = -b - r. Suppose -3*d - 152 = -2*u + b, 4*d = -5*u + 382. Calculate the greatest common divisor of u and 13.
13
Suppose -207 = -10*o - 47. What is the greatest common divisor of 24 and o?
8
Let y be 16/10 + (-6)/(-15). Suppose -3*s = -p + 36, 3*p + 3*s - 138 = y*s. What is the highest common divisor of p and 30?
15
Let t = 1344 + -1335. What is the highest common divisor of t and 423?
9
Let r be 86/(-3)*24/32*-28. Calculate the greatest common factor of r and 129.
43
Suppose -2*q + 2 = 4*z - 20, 4*z - 28 = -4*q. Suppose -2*u + 4*c + 61 = q*u, 0 = 5*u + 3*c - 68. Let b = 25 - u. What is the greatest common divisor of 6 and b?
6
Let b(z) = 4*z - 89. Let a be b(31). Let c = -6 + 11. What is the greatest common factor of c and a?
5
Let f be (-1)/((8/(-28))/2). What is the greatest common factor of 7 and f?
7
Let b(q) = 3*q**2 + 6*q + 7. Let z(f) = f - 6. Let p be z(3). Let o be b(p). Calculate the highest common factor of o and 64.
16
Suppose 5*b + 4*k = 3*b + 4, k = 5*b - 10. Suppose n = 5*o - 70 - 36, 5*n + 90 = 5*o. Calculate the highest common factor of o and b.
2
Let o be 1/6 + 1719/54. Calculate the highest common divisor of 4 and o.
4
Let b(h) = 20*h**2 - 30*h - 164. Let o be b(-5). What is the highest common factor of 12 and o?
6
Let z be (-4416)/(-322) - (-4)/14. What is the greatest common divisor of z and 7?
7
Let s = 45 - 30. Let q(o) = 3*o**3 - 14*o**2 + 13*o - 5. Let x be q(4). Calculate the highest common factor of s and x.
15
Suppose -3*k = 4*l - 66, 93 = 189*l - 184*l + 2*k. Let x = 169 - 106. Calculate the highest common divisor of x and l.
21
Let a = 420 - 395. Let i be (4/4 + 224)/1. What is the highest common factor of a and i?
25
Let g = -2 + 15. Suppose 2*w - g - 9 = 0. Suppose -10 = 10*d - w*d. Calculate the highest common divisor of d and 10.
10
Let d(a) = -4 + 21 + a - 9*a - a**3 + 3*a - 8*a**2. Let n be d(-7). Let j be 8/(-3)*(-18)/4. What is the greatest common factor of n and j?
3
Let u be (6 + -14 - -2) + 45. Let k be (3 - u/6)/((-2)/4). Let r(o) = o**2 + 56. Let s be r(0). What is the greatest common divisor of k and s?
7
Suppose -3*l - 4*b + 3*b = -2, b = -4*l + 4. Suppose 0 = 4*c, 4*c = -h - c - l. Let x be h/(-4*(-1)/(-22)). What is the highest common factor of 33 and x?
11
Let g(k) = -8*k**2 - 169*k - 6. Let q be g(-6). Calculate the greatest common divisor of 45 and q.
45
Let y be (-2)/(-10) + 0 + (-1320)/(-25). What is the greatest common divisor of 53 and y?
53
Let p = 56 - 53. Suppose y = p, 4*c + c + 2 = 4*y. Calculate the greatest common divisor of c and 4.
2
Let o(a) = -a**2 + 8*a - 3. Let s = 163 - 156. Let j be o(s). Suppose 3*b - 32 = -2. What is the greatest common factor of b and j?
2
Let k(o) = -o**2 - 57*o + 425. Let m be k(-63). What is the highest common factor of m and 376?
47
Suppose -4*p - 3*q - 2*q = -1402, -702 = -2*p - 3*q. What is the highest common factor of p and 87?
87
Let b(o) = 4*o + 64. Let i be b(-6). Suppose 8 = -4*u - 104. Let v = i + u. What is the highest common divisor of 60 and v?
12
Let g = 607 + -569. What is the highest common divisor of g and 1425?
19
Let a = 22 - 28. Let l(f) = f**3 + 5*f**2 - 9*f + 4. Let j be l(a). Let h be (-10)/25 - 444/(-10). What is the greatest common divisor of j and h?
22
Suppose 0*n - 5*n + 47 = -t, -4*n + 46 = -5*t. Suppose -216 = -n*q + 45. What is the highest common factor of 29 and q?
29
Let u = 128 + -13. Suppose 79 = 5*h - 36. Calculate the greatest common divisor of h and u.
23
Let i = -30 - -38. Suppose -4*d = 4*s - 60, 4*d - s - s - 42 = 0. What is the greatest common factor of i and d?
4
Let r(o) = o**3 - 3*o**2 + 4*o - 16. Let i be r(4). What is the greatest common divisor of 184 and i?
8
Let o = 82 + -45. Suppose -9*z - 4 = -7*z. Let t be z/(-11) + 8541/33. Calculate the highest common factor of t and o.
37
Suppose -3*h + 5*c + 67 = 0, 24*h - 5*c - 29 = 23*h. Let u(d) = 2*d**2 - 2*d - 3. Let i be u(-5). What is the highest common factor of i and h?
19
Let i(z) = -2*z**2 - 27*z + 10. Let d(k) = -k**2 - 13*k + 5. Let b(w) = 9*d(w) - 4*i(w). Let h be b(-5). Calculate the greatest common factor of h and 5.
5
Let t = 32 + -18. Suppose 0 = -3*c + 7*c + 4*m - 4, -3*c = -m - 7. Suppose -3*y = c*y - 10. What is the highest common divisor of t and y?
2
Let t(i) be the second derivative of -i**3/3 + 4*i**2 - 41*i. Let a = 4 + -9. Let b be t(a). What is the greatest common factor of 36 and b?
18
Let s be 171/33 + 8/(-44). Suppose -4*x = -3*j - 0*x + 82, -s*j - x = -175. What is the greatest common factor of j and 85?
17
Suppose -5*q + 1043 = -6*u + 2*u, 0 = 3*q + 5*u - 611. Calculate the greatest common divisor of 23 and q.
23
Let q(v) = 30*v**2. Let y be q(1). Suppose -213 = 16*z + 59. Let a = z + y. What is the greatest common factor of a and 117?
13
Let d be (-9 - -4) + 1 + -100. Let c = d - -230. What is the highest common divisor of c and 14?
14
Let x be ((-28)/56)/(1/(-66)). Calculate the highest common divisor of 121 and x.
11
Suppose 3*f - 2*x = 2030 - 266, -3*x = 4*f - 2352. What is the greatest common factor of f and 12?
12
Suppose -12834 = -30*f + 7*f. Calculate the highest common factor of f and 18.
18
Let y(g) = -g**3 - 7*g**2 + 6*g - 7. Let s = -28 - -20. Let t be y(s). Suppose a - 4*a + 243 = 0. Calculate the highest common divisor of t and a.
9
Suppose 10*m = -5*m + 135. What is the greatest common factor of m and 9?
9
Suppose 4*v - v - 63 = 0. Suppose -4*q + 39 = -45. Calculate the greatest 